 - 1090 = -4*x. Let u = -26 + x. Let h = -23 + u. Calculate the greatest common factor of h and 15.
15
Suppose 137*p - 241098 = 104*p. Calculate the greatest common factor of 26 and p.
26
Let q = 0 - -9. Let t be (-3)/(q/34)*(-21 - -39). Let p = -116 - t. What is the greatest common divisor of 22 and p?
22
Let u(o) = -o**3 + 10*o**2 - 6*o - 3. Let a = -15 + 23. Let j be u(a). Suppose -f + 5*f = 28. Calculate the highest common factor of f and j.
7
Let f be 1 + 13 + (134 - -16915). Calculate the greatest common divisor of 339 and f.
113
Let h(m) = 47*m + 1. Let f be h(-5). Suppose -7*p = 429 - 2795. Let a = p + f. Calculate the greatest common divisor of a and 26.
26
Let b = -5252 - -5772. Calculate the highest common divisor of b and 40.
40
Let v be -1 + 2 + 0 + (163 - 4). Let w = v + -68. Let y = -74 + w. What is the greatest common factor of y and 198?
18
Suppose 3*w - 25 = -t + 6, 4*t - 73 = 5*w. Let x = t + -28. Let o be 3 + x + 42 + 0. Calculate the highest common factor of o and 195.
39
Let c(d) = d**3 - 8*d**2 + 17*d + 2. Let z be c(11). Let t = 603 - z. Calculate the highest common divisor of 34 and t.
17
Let g = -11611 - -13481. What is the highest common divisor of 1020 and g?
170
Suppose 3*w = 0, -2*n - w + 1254 = -4*w. Let c = 879 - n. Suppose -3*k = 3*q - 234 - c, 2*k - 486 = -3*q. Calculate the highest common factor of q and 18.
18
Let w be (-102)/(-42) + (-48)/(-84). What is the highest common divisor of w and 23?
1
Let w be (158/(-12) - -1) + 18/108. Let u be 3/w - 148/(-16). Suppose 2*v - 21 = -u. Calculate the highest common divisor of 36 and v.
6
Let z(m) = -m**2 - 1. Let s(k) = -k**2 + k - 51. Let u(o) = s(o) - 2*z(o). Let a be u(8). What is the greatest common divisor of 161 and a?
23
Let z be 143/(-13) - 165*-1. Suppose 5*c = 2*c + 9, -4*c + 24 = 2*b. Suppose -j - 70 = -b*j. What is the highest common factor of z and j?
14
Let m = 6378 - 450. What is the highest common factor of 570 and m?
114
Suppose 2*x - 16 = 0, 63*n + 2*x = 64*n - 1594. What is the highest common factor of 1242 and n?
46
Suppose 4*y + 13 - 41 = 2*r, 5*y = 3*r + 42. Let u be ((8/r - 5) + 5)*-35. Calculate the highest common divisor of 85 and u.
5
Let u(d) = -1051*d - 2050. Let f be u(-2). What is the greatest common divisor of 9685 and f?
13
Let d = -16313 - -16641. What is the highest common factor of 14596 and d?
164
Let p = 0 + -7. Let w be 2/p - (-108)/(-14). Let g be (-366)/(-10) + w/(-20) + -2. Calculate the greatest common divisor of g and 7.
7
Suppose 0 = -44*o - 61674 + 196260 + 499542. What is the greatest common divisor of o and 24?
12
Let q = -122 + 125. Suppose q*p + 15*x - 356 = 16*x, 5*x = 4*p - 460. What is the greatest common divisor of 40 and p?
40
Suppose j = 3*v + 25, 0 = -v - 2 + 1. Suppose 4*g + h - 12 = g, 5*h = 5*g. Let m be 33/(-3)*(-2 - g). What is the highest common divisor of j and m?
11
Let b = -4 + 8. Let f = -249 - -241. Let r(z) = -z**3 - 6*z**2 + 16*z + 4. Let v be r(f). What is the greatest common factor of v and b?
4
Let d be (19 + -16 - (-3)/(-1))/1. Suppose 13*p - 7 - 32 = d. What is the highest common divisor of p and 60?
3
Let g(t) = -101*t**2 - 2 + 0 + 3*t + 1. Let y be g(1). Let b = y - -106. What is the greatest common factor of b and 77?
7
Suppose 422*a = 437*a - 210. What is the greatest common divisor of a and 3402?
14
Let y(n) = n**3 - 8*n**2 - 48*n + 397. Let o be y(7). What is the greatest common divisor of o and 12588?
12
Let g(v) = 7*v**2 + 64*v + 224. Let n be g(-13). Calculate the highest common factor of 775 and n.
25
Suppose 0 = -811*t + 820*t - 3645. Calculate the highest common divisor of 1080 and t.
135
Let t(u) be the third derivative of 21*u**2 + 0 - 1/6*u**3 - 1/3*u**4 - 1/60*u**5 + 0*u. Let p be t(-5). What is the greatest common factor of 112 and p?
14
Let q(f) = f**2 - 16*f - 13. Let g be q(16). Let d = g + 64. Suppose -49*v = -52*v + d. What is the greatest common factor of v and 119?
17
Suppose 5*b = -b + 420. Suppose -b = 2*w + 12*w. Let o be (4 - (-14)/w)*40. Calculate the greatest common factor of 16 and o.
16
Let r = 261 + 239. Let c be (-4 + -6)*(3 - 8). What is the greatest common factor of c and r?
50
Let o(u) = -34*u**2 + 2*u + 3. Let q be o(3). Suppose -18 = -0*d + 3*d. Let a be ((32/d)/4)/(9/q). What is the greatest common factor of a and 22?
22
Let d be -2 - ((-52)/5 - -2) - (-992)/(-2480). What is the highest common divisor of 20964 and d?
6
Let x be (6 + (-250)/35)*28/(-8). Calculate the greatest common divisor of 5210 and x.
2
Let t be 12/(-7 + 596/84). Calculate the greatest common factor of t and 798.
42
Suppose 3*q + 7*q - 420 = 0. Let z(m) = -2*m + 10. Let w be z(-14). Let x = q - w. Calculate the highest common factor of 16 and x.
4
Suppose -3*m - 5*z + 175 = 0, 6*m - 3*z - 245 = 40. What is the highest common factor of 6450 and m?
50
Let f = 407 + -258. Suppose 0 = -y - 34 + f. Calculate the highest common factor of y and 69.
23
Let s = -114 - -116. Let o be (-8792)/(-84) + s/(-3). Let y(t) = -4*t - 7. Let l be y(-5). What is the highest common divisor of l and o?
13
Let k = 12997 - 8250. Calculate the greatest common divisor of 94 and k.
47
Suppose 4*p = 2*j - 24, -j - 3*j = 2*p + 2. What is the highest common divisor of 24 and j?
2
Suppose -3*h + 5*l = 446, -3*h - 92 = -l + 350. Let a be (84/h)/((-4)/70). Calculate the highest common factor of a and 26.
2
Suppose 0 = -3*k - 53*q + 54*q + 290, 5*k + 3*q - 474 = 0. Let v be (63 + 1)/(2/4). Calculate the highest common divisor of k and v.
32
Suppose 4*r + 3 = 7*r. Let q(g) = -20*g + 649. Let c be q(32). Calculate the highest common factor of r and c.
1
Let b = 3928 - -583. What is the highest common factor of b and 26?
13
Suppose -13*c = -18*c - 630. Let s = 129 + c. Calculate the highest common divisor of s and 3.
3
Suppose 18 = -9*x + 12*x + 5*z, -x + 6 = -3*z. Suppose 2*g + x*c = c + 53, -5*g + c = -146. What is the greatest common factor of 145 and g?
29
Let u(c) = c**3 + 4*c**2 + 8*c - 18. Suppose x - 8 = -2*g, 5*x + 16 + 28 = 4*g. Let h be u(g). What is the highest common divisor of h and 90?
30
Suppose 271 = -3*l - 167. Let i = l - -222. Let b(d) = 4*d**2 + 11*d - 1. Let k be b(-4). Calculate the greatest common factor of k and i.
19
Let d = -3117 + 3271. What is the highest common factor of 70 and d?
14
Let o = 297 - 294. Suppose 2*u + u - 150 = o*n, 86 = 2*u + 5*n. What is the highest common divisor of 624 and u?
48
Let y = 692 + -674. Let j be y/30 - (-56)/40. Calculate the greatest common factor of 18 and j.
2
Let p be ((-2181)/6 - 1) + (-4)/8. Let r = p - -405. Calculate the greatest common factor of 5 and r.
5
Let q = 122 + -59. Suppose 0 = -4*c + 5*v + 99, -5*c + 8*c - 57 = -2*v. What is the greatest common factor of q and c?
21
Suppose -6*c + 4*h - 337 = -9*c, -2*c + 210 = -h. Let z = c - 103. Suppose -80 = -9*a + z*a. Calculate the highest common factor of a and 2.
2
Let y(f) = 3*f**2 + 23*f - 5. Let l be y(-8). Suppose -3*n + 1005 = 4*m, -l*m - 2*n + 1149 - 395 = 0. Calculate the highest common divisor of 24 and m.
12
Suppose i - 3*v - 3 = -2*v, 3*v - 15 = 0. Let p(x) = -x**3 - 6*x**2 + 3*x + 12. Let k be p(-5). Let q = i - k. What is the highest common factor of q and 18?
18
Let z = 232 + -78. Suppose 21*t = 2*t - 133. Let j be 2*t/(-14) + 13. What is the highest common factor of z and j?
14
Let k be ((-135)/60)/(-9) + 399/4. Calculate the greatest common factor of 3400 and k.
100
Let j = -3413 - -13405. What is the highest common divisor of 24 and j?
8
Let b = -21129 - -21206. Calculate the greatest common factor of b and 294.
7
Let z(u) = -2*u. Let k(y) = -y + 205. Let w(x) = -k(x) - 3*z(x). Let s be w(35). What is the greatest common factor of 32 and s?
8
Let r = -313 - -317. Suppose 198 = r*u + 4*w - 2*w, 0 = -u + 4*w + 54. Calculate the greatest common factor of u and 80.
10
Suppose -4*g - 2*z = -68, 40*g + 27 = 41*g + 3*z. What is the greatest common divisor of 87 and g?
3
Let p(w) = 2*w**3 + 5*w**2 - 21*w - 58. Let f be p(-5). Suppose -2*m - 51 = 53. Let k = m - f. Calculate the highest common divisor of 39 and k.
13
Let u(y) = 96*y - 852. Let w be u(13). What is the highest common factor of w and 180?
36
Let r = -11641 + 11833. What is the greatest common divisor of 1404 and r?
12
Suppose 